= -51. What is the remainder when h is divided by 17?
12
Let g be 0/((-3 - -2) + 0). Let p be (-8)/(-60) - 399/(-45). Suppose g = p*k - 8*k - 5. Calculate the remainder when 8 is divided by k.
3
Suppose 4*h + 0*h = c - 23, h - 75 = -4*c. Let g be ((-40)/12)/((-2)/6). Suppose 2*q = -d + 145, -5*d - 15 = -g. What is the remainder when q is divided by c?
16
Let c = 43 - 3. Suppose -c = -r - 3*r. What is the remainder when (-1)/(-2) + (-111)/(-6) is divided by r?
9
Let v = -110 + 178. Suppose -4*g - 25 + 345 = 0. Suppose v = 4*r - g. Calculate the remainder when r is divided by 13.
11
Let v(z) = z**2 + 13*z + 64. Calculate the remainder when 79 is divided by v(-11).
37
What is the remainder when 171 is divided by (-1)/(2272/(-1120) - -1*2)?
31
Let o = -11 + 15. Suppose z + 31 = 5*g - 39, g = -3*z - 2. Let r = g - 7. Calculate the remainder when r is divided by o.
2
Suppose -2*i + 76 - 4 = 0. Calculate the remainder when 104 is divided by i.
32
Let u(k) = 2*k**2 - 1. Suppose j - 3 = -5. What is the remainder when 39 is divided by u(j)?
4
Let k = 25 - 20. Suppose -35 = -6*r + k*r. What is the remainder when r is divided by 14?
7
Suppose 51*u - 308 = 37*u. What is the remainder when u is divided by 8?
6
Let v = -2428 - -2494. Let w = -8 - -12. Suppose -w*o = o - 85. What is the remainder when v is divided by o?
15
Let y be 1/(-3) - 13/(-3). Suppose 2*l = -5*i + 18 + 32, -y*l + 2*i + 124 = 0. What is the remainder when 119 is divided by l?
29
Let i = 161 - 143. Let q(s) = s**3 + 8*s**2 + 5*s - 4. What is the remainder when i is divided by q(-7)?
8
Let l(j) = -j + 0*j + j**2 - 9 + 10 - j**3 + 3. Let o be l(0). Calculate the remainder when 8/2*93/o is divided by 24.
21
Let v = -298 + 320. Calculate the remainder when 70 is divided by v.
4
Let z(u) = 3*u + 33. Let d be z(-11). Calculate the remainder when 183 is divided by 0 + 0 - 1*(-47 - d).
42
Suppose 6 - 3 = 3*i. Let a be (-3 + i)*15/(-6). Suppose -4*l + 2*t - a*t + 14 = 0, 5*l = -4*t + 18. Calculate the remainder when 3 is divided by l.
1
Let h = -285 - -174. Let d = -73 - h. What is the remainder when 150 is divided by d?
36
Let p be (65/90 + 4/(-18))*8. Suppose 5*b + 55 = 2*q, -2*b + 18 = -p*q + 136. What is the remainder when 57 is divided by q?
27
Let p = 19 + 8. Let w = 334 + -330. What is the remainder when p is divided by w?
3
Let t(d) = -d**2 + 3*d - 2. Let o be t(2). Suppose -2*c + 5*c - 69 = o. What is the remainder when 88*((-12)/(-8) - 1) is divided by c?
21
Let j(t) = t**2 - 3*t - 2. Let w = -159 - -317. Calculate the remainder when w is divided by j(-3).
14
Suppose 5*d - 3*d = 130. Suppose 4*q = 3*y - 438, -2*q - d = 4*y + 165. What is the remainder when 4/(-12)*(q + 0) is divided by 13?
11
Suppose 374 + 226 = 4*w. Suppose -3*a = 2*a - w. Calculate the remainder when a is divided by 2/10*37 + 927/1545.
6
Calculate the remainder when 114 is divided by -52*(33/12)/(-11).
10
Let n(l) = 16*l - 5. Let s be 34/10 + (-6)/(-10). Let v be n(s). Suppose 0 = 2*z + 4*b - 68, -3*z + v - 1 = -5*b. What is the remainder when 76 is divided by z?
24
Let v(l) = -3*l**3 + 4*l**2 + 8*l + 6. What is the remainder when 8/36 - (-3936)/27 is divided by v(-2)?
26
Suppose 2*v + 771 = 883. What is the remainder when v is divided by 8?
0
Let x = -224 + 265. What is the remainder when x is divided by 15?
11
Let b = -283 - -324. What is the remainder when 239 is divided by b?
34
Let y(m) = -m**2 + 17*m + 12. Suppose 0 = t - 3 - 7. Let r(f) = 3*f**2 - 10*f - 11. What is the remainder when y(t) is divided by r(-2)?
19
Calculate the remainder when (-10)/4*((-496)/10)/2 is divided by 23.
16
Suppose -3*y + 6*y = 9. Suppose 3*f - 36 = f - h, -y*f = 5*h - 68. What is the remainder when 60 is divided by f?
12
Let r(a) = -a. Let w be r(0). Suppose w*s = 4*s - 84. What is the remainder when s is divided by (29 + -17)/(6/4)?
5
Suppose h = 2*h - 21. Let y(r) = -r + 11. Let t be y(12). Let d(z) = -39*z**3 + 2*z**2 - 1. Calculate the remainder when d(t) is divided by h.
19
Let a = -62 + 73. Let u = -3 - -7. Calculate the remainder when 36 is divided by a - 2/(-4)*u.
10
Suppose -10*g = y - 12*g - 560, -y = -g - 555. What is the remainder when y is divided by 79?
76
Let k(d) = 9*d - 24. Suppose -4*t - t = -25. What is the remainder when 79 is divided by k(t)?
16
Let m(x) = x**3 + x**2 + x + 36. Suppose -3*s + c + 53 = 0, 0 = -135*s + 138*s - 3*c - 45. Calculate the remainder when m(0) is divided by s.
17
Suppose -c + 3*b = -87, 5*c - 2*b = -b + 407. Calculate the remainder when 89 is divided by c.
8
Let w(t) = 7*t**2 - 3 + 7*t**3 - 12*t - 12*t**3 + 6*t**3. What is the remainder when w(-8) is divided by 4?
1
Suppose -3*h + 55 = -4*y, -h - 3*y = 2 - 3. Let c(j) = j**3 + 6*j**2 - 5*j + 7. What is the remainder when c(-6) is divided by h?
11
What is the remainder when 186 is divided by (-138)/18*6*-4?
2
Let a(p) = -2*p + 10*p**2 + 31 - 15 - 12. What is the remainder when a(2) is divided by 21?
19
Suppose 3*d + 5 = -2*h, -h + 2*d + 3 + 5 = 0. Let t be 85 + (h + -14)/(-4). Calculate the remainder when 20 is divided by 16/t - (-119)/11.
9
Suppose d - 4*t = 9, 0 = -0*t + 5*t + 10. Suppose -4*y = -3*p - 9*y + 47, y - d = 0. Calculate the remainder when 26 is divided by p.
12
Suppose -3*k = 10*k - 65. Suppose g - 108 = -k*g. Calculate the remainder when g is divided by 10.
8
Let d(r) = r + 8. Let p be 10 + (-6)/(-9)*-6. Let q be d(p). What is the remainder when 64 is divided by (88/(-14))/(q/(-49))?
20
Let i(y) = -16*y**2 + 5*y - 3. Let f be i(2). Let j = f - -81. Calculate the remainder when 93 is divided by j.
21
Let q = -8 - 17. Let m = 15 + q. Calculate the remainder when (24/m)/((-8)/240) is divided by 25.
22
Let w = 1542 + -1476. Calculate the remainder when w is divided by 19.
9
Let f = -290 - -295. What is the remainder when 277 is divided by f?
2
Let b(a) = 6*a + 12*a - 8 + 16*a - 5*a. Let c be b(8). Calculate the remainder when 69 is divided by ((-18)/(-7))/(24/c).
21
Suppose 0 = -8*g + 396 - 140. What is the remainder when 93 is divided by g?
29
Suppose 15 = -0*t - 3*t. Calculate the remainder when 81 is divided by (336/(-80))/(1/t).
18
Suppose -48*g + 1256 = -1480. Calculate the remainder when g is divided by 1*2*(-24)/(-3).
9
Suppose 0 = 3*q + 3*p - 1482, p = q - 3*q + 993. Suppose -5*z - 89 = -q. Calculate the remainder when z is divided by 17.
14
Let p(f) be the first derivative of 3*f**2/2 + 3*f + 3. Let m(r) = r + 10. Let k be m(-6). What is the remainder when 44 is divided by p(k)?
14
Calculate the remainder when ((-11716)/(-1111))/((-4)/(-22)) is divided by (-2)/6 + (-74)/(-6).
10
Suppose 161 = 14*w + 49. What is the remainder when 254 is divided by w?
6
Calculate the remainder when (-1)/10 - 24992/(-320) is divided by 7.
1
Calculate the remainder when 85 is divided by -1 - (-2)/5 - (-860)/100.
5
Let s(r) = 20*r**2 - 2*r - 2. Let g(x) = x + 5. Let d be g(-6). Calculate the remainder when 78 is divided by s(d).
18
Let h = 53 - 26. Suppose 7*s - 2*x = 5*s + 18, -4*s + 30 = -x. Let d = h - s. What is the remainder when d is divided by 12?
8
Let g(l) = l**3 + 8*l**2 - 44*l - 5. What is the remainder when g(-10) is divided by 2?
1
Let q = 55 + -24. Let o be (-1 - (-2 - -2))*-2. Let x(h) = 46*h - 2. What is the remainder when x(o) is divided by q?
28
Suppose 309*a - 95 = 304*a. What is the remainder when 23 is divided by a?
4
Let l = 71 - 80. Let y(x) = -x. What is the remainder when 85 is divided by y(l)?
4
Let w be 0/1 - (-29 + 14). Suppose w = 4*f - 4*z + 7, 4*z - 32 = -4*f. What is the remainder when 24 is divided by f?
4
Let u(p) be the first derivative of p**3/3 - 9*p**2/2 - 14*p - 7. Let f be u(11). Let z = -6 + f. Calculate the remainder when 6 is divided by z.
0
Suppose -5*p + 152 = 3*p. Let y be 6/(-15)*(6 + -1). What is the remainder when p is divided by -2 + -1 + (-26)/y?
9
Let u be (0 - 273/(-3))*-1. Let v = 134 + u. What is the remainder when v is divided by 11?
10
Calculate the remainder when (-312)/14*(7 + 168/(-16)) is divided by 8.
6
Let d = 9 - -10. Suppose -6 = -3*y - 5*a, 3 = -5*y - 0*y - 4*a. Let h(z) = 7*z**2 + 4*z + 4. What is the remainder when h(y) is divided by d?
17
Let o = -1454 - -1547. What is the remainder when 1392 is divided by o?
90
Let c = 57 + -41. Suppose o = 5*o - 20. Calculate the re